9.
3, 1316017
List the prime factors of 172542.
2, 3, 149, 193
List the prime factors of 643554.
2, 3, 35753
What are the prime factors of 62067?
3, 17, 1217
List the prime factors of 39243.
3, 103, 127
List the prime factors of 5489385.
3, 5, 11, 17, 19, 103
List the prime factors of 3306695.
5, 7, 94477
What are the prime factors of 382876?
2, 13, 37, 199
What are the prime factors of 182555?
5, 29, 1259
List the prime factors of 16908586.
2, 157, 53849
List the prime factors of 717271.
717271
List the prime factors of 638727.
3, 212909
What are the prime factors of 310589?
31, 43, 233
What are the prime factors of 921338?
2, 11, 41879
What are the prime factors of 3905741?
7, 59, 193
What are the prime factors of 758855?
5, 151771
What are the prime factors of 224555?
5, 97, 463
What are the prime factors of 69188?
2, 7, 353
What are the prime factors of 3771838?
2, 7, 419, 643
List the prime factors of 3351568.
2, 11, 137, 139
List the prime factors of 912783.
3, 41, 181
List the prime factors of 3937441.
1423, 2767
What are the prime factors of 909319?
909319
List the prime factors of 296448.
2, 3, 193
List the prime factors of 96060.
2, 3, 5, 1601
What are the prime factors of 1180605?
3, 5, 78707
What are the prime factors of 17512367?
211, 82997
What are the prime factors of 29222434?
2, 2297, 6361
What are the prime factors of 21678278?
2, 19, 43, 13267
List the prime factors of 14202326.
2, 7101163
What are the prime factors of 135163?
7, 19309
List the prime factors of 2119973.
131, 16183
List the prime factors of 286591.
286591
List the prime factors of 605283.
3, 7, 19, 37, 41
What are the prime factors of 328255?
5, 65651
What are the prime factors of 1393580?
2, 5, 59, 1181
List the prime factors of 370274.
2, 185137
List the prime factors of 368692.
2, 92173
What are the prime factors of 782291?
37, 21143
What are the prime factors of 135384?
2, 3, 5641
What are the prime factors of 7578862?
2, 1093, 3467
What are the prime factors of 892353?
3, 7, 11, 3863
What are the prime factors of 727197?
3, 242399
List the prime factors of 1765744.
2, 110359
What are the prime factors of 3383368?
2, 19, 22259
What are the prime factors of 25976000?
2, 5, 17, 191
List the prime factors of 465427.
257, 1811
List the prime factors of 1328358.
2, 3, 221393
What are the prime factors of 370023?
3, 123341
What are the prime factors of 12887439?
3, 199, 21587
What are the prime factors of 14353379?
19, 755441
List the prime factors of 1793517.
3, 11, 17, 23, 139
What are the prime factors of 36268?
2, 9067
What are the prime factors of 4530384?
2, 3, 10487
What are the prime factors of 695173?
313, 2221
What are the prime factors of 43015459?
239, 179981
List the prime factors of 125435.
5, 25087
What are the prime factors of 7371577?
7371577
What are the prime factors of 495490?
2, 5, 49549
List the prime factors of 2210104.
2, 13, 79, 269
List the prime factors of 416706.
2, 3, 199, 349
What are the prime factors of 561615?
3, 5, 37441
List the prime factors of 1285639.
37, 34747
List the prime factors of 84847.
7, 17, 23, 31
What are the prime factors of 2430526?
2, 7, 127, 1367
What are the prime factors of 734980?
2, 5, 36749
List the prime factors of 102940.
2, 5, 5147
List the prime factors of 380344.
2, 47543
What are the prime factors of 11829014?
2, 641, 9227
List the prime factors of 243862.
2, 121931
What are the prime factors of 1435702?
2, 717851
What are the prime factors of 218355?
3, 5, 14557
What are the prime factors of 3100986?
2, 3, 7, 24611
List the prime factors of 8727340.
2, 5, 89, 4903
List the prime factors of 706847.
706847
What are the prime factors of 164262?
2, 3, 7, 3911
List the prime factors of 72970.
2, 5, 7297
What are the prime factors of 270269?
270269
What are the prime factors of 97967?
97967
List the prime factors of 1230197.
151, 8147
List the prime factors of 3627642.
2, 3, 157, 3851
List the prime factors of 3450851.
23, 59, 2543
What are the prime factors of 8283202?
2, 19, 217979
What are the prime factors of 763591?
19, 40189
What are the prime factors of 8343549?
3, 17, 23, 2371
List the prime factors of 645208.
2, 80651
List the prime factors of 6205744.
2, 83, 4673
List the prime factors of 3869679.
3, 11, 149, 787
What are the prime factors of 441720?
2, 3, 5, 409
What are the prime factors of 549302?
2, 13, 37, 571
List the prime factors of 2202077.
2202077
What are the prime factors of 52566?
2, 3, 8761
What are the prime factors of 129684?
2, 3, 101, 107
List the prime factors of 111899.
149, 751
What are the prime factors of 8019180?
2, 3, 5, 13, 23, 149
List the prime factors of 1151578.
2, 461, 1249
List the prime factors of 14825089.
2833, 5233
List the prime factors of 497927.
23, 21649
What are the prime factors of 5090969?
13, 391613
What are the prime factors of 616391?
616391
What are the prime factors of 805892?
2, 201473
What are the prime factors of 401542?
2, 200771
What are the prime factors of 14187567?
3, 4729189
What are the prime factors of 134369?
134369
List the prime factors of 336745.
5, 67349
What are the prime factors of 7483437?
3, 13, 167, 383
List the prime factors of 952745.
5, 89, 2141
What are the prime factors of 553272?
2, 3, 23053
List the prime factors of 736700.
2, 5, 53, 139
List the prime factors of 109735.
5, 17, 1291
What are the prime factors of 6235837?
6235837
What are the prime factors of 3069569?
3069569
What are the prime factors of 5916548?
2, 11, 47, 2861
What are the prime factors of 9063696?
2, 3, 188827
What are the prime factors of 344461?
13, 26497
What are the prime factors of 188398?
2, 7, 13457
List the prime factors of 17627076.
2, 3, 43, 59, 193
List the prime factors of 49689.
3, 5521
What are the prime factors of 177759?
3, 19751
What are the prime factors of 352568?
2, 44071
What are the prime factors of 23607?
3, 43, 61
What are the prime factors of 2008723?
227, 8849
What are the prime factors of 4642349?
29, 160081
What are the prime factors of 2047233?
3, 682411
What are the prime factors of 87986?
2, 29, 37, 41
What are the prime factors of 269281?
269281
List the prime factors of 192894.
2, 3, 13, 2473
What are the prime factors of 310540?
2, 5, 15527
What are the prime factors of 2367628?
2, 19, 31153
List the prime factors of 2874402.
2, 3, 23, 53, 131
List the prime factors of 426864.
2, 3, 8893
List the prime factors of 1650965.
5, 61, 5413
List the prime factors of 9765708.
2, 3, 23, 41, 863
What are the prime factors of 643056?
2, 3, 13397
List the prime factors of 1567775.
5, 11, 5701
List the prime factors of 1667884.
2, 43, 9697
List the prime factors of 45271.
17, 2663
List the prime factors of 2563168.
2, 173, 463
What are the prime factors of 130089?
3, 103, 421
What are the prime factors of 1051221?
3, 29, 43, 281
What are the prime factors of 5948710?
2, 5, 19, 131, 239
List the prime factors of 1852132.
2, 463033
List the prime factors of 9345259.
7, 11, 121367
What are the prime factors of 91072?
2, 1423
List the prime factors of 508216.
2, 63527
What are the prime factors of 128339?
128339
List the prime factors of 606109.
7, 86587
What are the prime factors of 125171?
17, 37, 199
List the prime factors of 246936.
2, 3, 10289
List the prime factors of 152421.
3, 23, 47
List the prime factors of 173271.
3, 7, 37, 223
What are the prime factors of 1029818?
2, 397, 1297
List the prime factors of 17269191.
3, 1918799
List the prime factors of 2357173.
7, 13, 25903
List the prime factors of 15308381.
11, 17, 71, 1153
List the prime factors of 20478637.
19, 1077823
What are the prime factors of 1700380?
2, 5, 11, 59, 131
List the prime factors of 1409225.
5, 56369
What are the prime factors of 296068?
2, 74017
List the prime factors of 1965774.
2, 3, 327629
What are the prime factors of 125314?
2, 7, 8951
List the prime factors of 1450721.
127, 11423
List the prime factors of 374980.
2, 5, 18749
What are the prime factors of 1523530?
2, 5, 131, 1163
List the prime factors of 26846474.
2, 23, 583619
List the prime factors of 14974372.
2, 7, 534799
List the prime factors of 257025.
3, 5, 23, 149
List the prime factors of 2090017.
2090017
What are the prime factors of 270057?
3, 90019
List the prime factors of 283